{"id":30,"date":"2017-10-31T10:27:50","date_gmt":"2017-10-31T10:27:50","guid":{"rendered":"http:\/\/filmpakk.csgyk.hu\/?page_id=30"},"modified":"2018-01-17T15:50:59","modified_gmt":"2018-01-17T15:50:59","slug":"felnotteknek-szolo-filmpakkok","status":"publish","type":"page","link":"https:\/\/filmpakk.csgyk.hu\/index.php\/felnotteknek-szolo-filmpakkok\/","title":{"rendered":"Feln\u0151tteknek sz\u00f3l\u00f3 FilmPakkok"},"content":{"rendered":"<p><a href=\"http:\/\/filmpakk.csgyk.hu\/index.php\/fabri-zoltan-az-otodik-pecset\/\" target=\"_blank\" rel=\"noopener\">F\u00e1bri Zolt\u00e1n: <strong>Az \u00f6t\u00f6dik pecs\u00e9t (19. pakk)<\/strong><\/a><br \/>\nS\u00e1nta Ferenc azonos c\u00edm\u0171 m\u0171ve alapj\u00e1n<\/p>\n<p><a href=\"http:\/\/filmpakk.csgyk.hu\/index.php\/gardos-peter-szamarkohoges\/\" target=\"_blank\" rel=\"noopener\">G\u00e1rdos P\u00e9ter: <strong>Szam\u00e1rk\u00f6h\u00f6g\u00e9s (28. pakk)<\/strong><\/a><\/p>\n<p><a href=\"http:\/\/filmpakk.csgyk.hu\/index.php\/gertler-viktor-allami-aruhaz\/\" target=\"_blank\" rel=\"noopener\">Gertler Viktor: <strong>\u00c1llami \u00c1ruh\u00e1z (18. pakk)<\/strong><\/a><\/p>\n<p><a href=\"https:\/\/wp.me\/p9kJ1H-5G\" target=\"_blank\" rel=\"noopener\">Goth\u00e1r P\u00e9ter \u2013 Berem\u00e9nyi G\u00e9za: <strong>Meg\u00e1ll az id\u0151 (23. pakk)<\/strong><\/a><\/p>\n<p><a href=\"https:\/\/wp.me\/p9kJ1H-5M\" target=\"_blank\" rel=\"noopener\">Husz\u00e1rik Zolt\u00e1n: <strong>Szindb\u00e1d (31. pakk)<\/strong><\/a><br \/>\nKr\u00fady Gyula azonos c\u00edm\u0171 m\u0171ve alapj\u00e1n<\/p>\n<p><a href=\"https:\/\/wp.me\/p9kJ1H-5U\" target=\"_blank\" rel=\"noopener\">Jancs\u00f3 Mikl\u00f3s: <strong>Szeg\u00e9nyleg\u00e9nyek (29. pakk)<\/strong><\/a><\/p>\n<p><a href=\"https:\/\/wp.me\/p9kJ1H-5Z\" target=\"_blank\" rel=\"noopener\">K\u00f3sa Ferenc: <strong>T\u00edzezer nap (32. pakk)<\/strong><\/a><\/p>\n<p><a href=\"http:\/\/filmpakk.csgyk.hu\/index.php\/makk-karoly-macskajatek\/\" target=\"_blank\" rel=\"noopener\">Makk K\u00e1roly: <strong>Macskaj\u00e1t\u00e9k (22. pakk)<\/strong> <\/a><br \/>\n\u00d6rk\u00e9ny Istv\u00e1n azonos c\u00edm\u0171 m\u0171ve alapj\u00e1n<\/p>\n<p><a href=\"https:\/\/wp.me\/p9kJ1H-2u\" target=\"_blank\" rel=\"noopener\">Makk K\u00e1roly: <strong>Szerelem (30. pakk)<\/strong><\/a><br \/>\nD\u00e9ry Tibor azonos c\u00edm\u0171 m\u0171ve alapj\u00e1n<\/p>\n<p><a href=\"https:\/\/wp.me\/p9kJ1H-67\" target=\"_blank\" rel=\"noopener\">M\u00e1ri\u00e1ssy F\u00e9lix: <strong>Rokonok (27. pakk)<\/strong><\/a><br \/>\nM\u00f3ricz Zsigmond azonos c\u00edm\u0171 m\u0171ve alapj\u00e1n<\/p>\n<p><a href=\"https:\/\/wp.me\/p9kJ1H-2F\" target=\"_blank\" rel=\"noopener\">R\u00e9v\u00e9sz Gy\u00f6rgy: <strong>A Pendragon legenda (17. pakk)<\/strong><\/a><br \/>\nSzerb Antal azonos c\u00edm\u0171 m\u0171ve alapj\u00e1n<\/p>\n<p><a href=\"https:\/\/wp.me\/p9kJ1H-6d\" target=\"_blank\" rel=\"noopener\">S\u00e1ndor P\u00e1l: <strong>R\u00e9gi id\u0151k focija (26. pakk)<\/strong><\/a><br \/>\nM\u00e1ndy Iv\u00e1n A p\u00e1lya sz\u00e9l\u00e9n c\u00edm\u0171 m\u0171ve alapj\u00e1n<\/p>\n<p><a href=\"https:\/\/wp.me\/p9kJ1H-2K\" target=\"_blank\" rel=\"noopener\">Sz\u00e9kely Istv\u00e1n: <strong>Hyppolit, a lak\u00e1j (21. pakk)<\/strong><\/a><\/p>\n<p><a href=\"http:\/\/filmpakk.csgyk.hu\/index.php\/timar-peter-marton-gyula-csinibaba\/\">T\u00edm\u00e1r P\u00e9ter \u2013 M\u00e1rton Gyula: <strong>Csinibaba (20. pakk)<\/strong><\/a><\/p>\n<p><a href=\"http:\/\/filmpakk.csgyk.hu\/index.php\/torok-ferenc-moszkva-ter-25-pakk\/\" target=\"_blank\" rel=\"noopener\">T\u00f6r\u00f6k Ferenc: <strong>Moszkva t\u00e9r (25. pakk)<\/strong><\/a><\/p>\n<p><a href=\"https:\/\/wp.me\/p9kJ1H-6l\" target=\"_blank\" rel=\"noopener\">Szab\u00f3 Istv\u00e1n: <strong>Mephisto (24. pakk)<\/strong><\/a><\/p>\n","protected":false},"excerpt":{"rendered":"<p>F\u00e1bri Zolt\u00e1n: Az \u00f6t\u00f6dik pecs\u00e9t (19. pakk) S\u00e1nta Ferenc azonos c\u00edm\u0171 m\u0171ve alapj\u00e1n G\u00e1rdos P\u00e9ter: Szam\u00e1rk\u00f6h\u00f6g\u00e9s (28. pakk) Gertler Viktor: \u00c1llami \u00c1ruh\u00e1z (18. pakk) Goth\u00e1r P\u00e9ter \u2013 Berem\u00e9nyi G\u00e9za: Meg\u00e1ll az id\u0151 (23. pakk) Husz\u00e1rik Zolt\u00e1n: Szindb\u00e1d (31. pakk) Kr\u00fady Gyula azonos c\u00edm\u0171 m\u0171ve alapj\u00e1n Jancs\u00f3 Mikl\u00f3s: Szeg\u00e9nyleg\u00e9nyek (29. pakk) K\u00f3sa Ferenc: T\u00edzezer nap (32. [&hellip;]<\/p>\n","protected":false},"author":1,"featured_media":0,"parent":0,"menu_order":0,"comment_status":"closed","ping_status":"closed","template":"","meta":{"_acf_changed":false,"jetpack_post_was_ever_published":false,"footnotes":""},"class_list":["post-30","page","type-page","status-publish","hentry"],"acf":[],"jetpack_sharing_enabled":true,"jetpack_shortlink":"https:\/\/wp.me\/P9kJ1H-u","_links":{"self":[{"href":"https:\/\/filmpakk.csgyk.hu\/index.php\/wp-json\/wp\/v2\/pages\/30","targetHints":{"allow":["GET"]}}],"collection":[{"href":"https:\/\/filmpakk.csgyk.hu\/index.php\/wp-json\/wp\/v2\/pages"}],"about":[{"href":"https:\/\/filmpakk.csgyk.hu\/index.php\/wp-json\/wp\/v2\/types\/page"}],"author":[{"embeddable":true,"href":"https:\/\/filmpakk.csgyk.hu\/index.php\/wp-json\/wp\/v2\/users\/1"}],"replies":[{"embeddable":true,"href":"https:\/\/filmpakk.csgyk.hu\/index.php\/wp-json\/wp\/v2\/comments?post=30"}],"version-history":[{"count":52,"href":"https:\/\/filmpakk.csgyk.hu\/index.php\/wp-json\/wp\/v2\/pages\/30\/revisions"}],"predecessor-version":[{"id":405,"href":"https:\/\/filmpakk.csgyk.hu\/index.php\/wp-json\/wp\/v2\/pages\/30\/revisions\/405"}],"wp:attachment":[{"href":"https:\/\/filmpakk.csgyk.hu\/index.php\/wp-json\/wp\/v2\/media?parent=30"}],"curies":[{"name":"wp","href":"https:\/\/api.w.org\/{rel}","templated":true}]}}